{"id":418,"date":"2015-11-22T16:14:41","date_gmt":"2015-11-22T15:14:41","guid":{"rendered":"http:\/\/aeroclub-klippeneck.de\/wp\/?page_id=418"},"modified":"2017-03-24T11:34:33","modified_gmt":"2017-03-24T10:34:33","slug":"flieger-geniessen-den-sonnenaufgang","status":"publish","type":"page","link":"http:\/\/aeroclub-klippeneck.de\/wp\/?page_id=418","title":{"rendered":"Flieger genie\u00dfen den Sonnenaufgang"},"content":{"rendered":"<h1><a href=\"http:\/\/aeroclub-klippeneck.de\/wp\/wp-content\/uploads\/2015\/11\/Bild-2.jpg\"><img loading=\"lazy\" decoding=\"async\" class=\"alignnone size-medium wp-image-419\" src=\"http:\/\/aeroclub-klippeneck.de\/wp\/wp-content\/uploads\/2015\/11\/Bild-2-300x207.jpg\" alt=\"Bild 2\" width=\"300\" height=\"207\" srcset=\"http:\/\/aeroclub-klippeneck.de\/wp\/wp-content\/uploads\/2015\/11\/Bild-2-300x207.jpg 300w, http:\/\/aeroclub-klippeneck.de\/wp\/wp-content\/uploads\/2015\/11\/Bild-2-1024x706.jpg 1024w\" sizes=\"auto, (max-width: 300px) 100vw, 300px\" \/><\/a><\/h1>\n<p class=\"article_detail_teaser\">Pilot Christof Sutor und ein Passagier fliegen im Motorsegler RF5 der aufgehenden Sonne entgegen.<br \/>\nVom Klippeneck aus war eine Fernsicht bis zu den Alpen geboten.<\/p>\n<p class=\"article_detail_teaser\"><strong>Aero-Club Klippeneck veranstaltet Saisonabschluss mit &#8222;Sunrise-Fliegen&#8220; und Ziellandewettbewerb<\/strong><\/p>\n<p>Denkingen pm\/sz Der Aero-Club Klippeneck hat die Thermik-Saison mit einem \u201eSunrise-Fliegen\u201c und einem Ziellandewettbewerb abgeschlossen. Der Club ist ein Zusammenschluss der Segelflugvereine aus Rottweil, Oberndorf, Balingen und Tuttlingen. Nach einem gemeinsamen Flug in den Sonnenaufgang \u00fcber der schw\u00e4bischen Alb konkurrierten 15 Piloten um die beste Platzierung beim traditionellen Ziellandewettbewerb.<\/p>\n<p>Es ist noch dunkel und Nebelschwaden ziehen \u00fcber die Landebahn, als die Piloten des Aero-Club Klippeneck am fr\u00fchen Morgen ihre Flugzeuge aus den Hallen zum Startplatz ziehen. P\u00fcnktlich zu den ersten Sonnenstrahlen kommt ein leichter Wind auf, der den Nebel vom Fluggel\u00e4nde Klippeneck vertreibt und somit den Weg freimacht f\u00fcr die ersten Starts am fr\u00fchen Morgen.<\/p>\n<p>Die Segelflieger lassen ihre Doppelsitzer im Flugzeugschlepp an motorisierten Propellermaschinen auf \u00fcber 1000 Meter H\u00f6he ziehen und genie\u00dfen einen wundersch\u00f6nen Blick auf das Alpenpanorama, das sich ihnen \u00fcber einem Wolkenmeer \u00fcber der Baar und dem Bodensee bietet. Nach einer dreiviertel Stunde sind alle Flieger wieder sicher gelandet und die Piloten st\u00e4rken sich bei einem Fr\u00fchst\u00fcck.<\/p>\n<p>Um zehn Uhr hat der Wind die letzten Nebelschwaden vertrieben, die Sonne scheint von einem blauen Himmel und dem Ziellandewettbewerb steht nichts mehr im Weg. Bei diesem geht es f\u00fcr die Teilnehmer darum, in einer vorgegebenen Zeit den Flugplatz zu umrunden und in einem von f\u00fcnf festgelegten Landefeldern in der Mitte der Landebahn aufzusetzen. Jede zeitliche und r\u00e4umliche Abweichung wird mit Strafpunkten geahndet und nach drei Durchg\u00e4ngen werden alle Punkte zusammengez\u00e4hlt. Am Abend haben alle Piloten ihre drei Durchg\u00e4nge absolviert und die Platzierungen stehen fest.<\/p>\n<p class=\"endnote\">Die Siegerehrung findet statt im Rahmen eines Stammtischs des Aero-Club Klippeneck am Freitag, 20. November, ab 20 Uhr im Gasthaus Hotel Thum in Balingen. Interessierte und Freunde sind willkommen.<\/p>\n","protected":false},"excerpt":{"rendered":"<p>Pilot Christof Sutor und ein Passagier fliegen im Motorsegler RF5 der aufgehenden Sonne entgegen. Vom Klippeneck aus war eine Fernsicht bis zu den Alpen geboten. Aero-Club Klippeneck veranstaltet Saisonabschluss mit &#8222;Sunrise-Fliegen&#8220; und Ziellandewettbewerb Denkingen pm\/sz Der Aero-Club Klippeneck hat die Thermik-Saison mit einem \u201eSunrise-Fliegen\u201c und einem Ziellandewettbewerb abgeschlossen. Der Club ist ein Zusammenschluss der Segelflugvereine aus Rottweil, Oberndorf, Balingen und Tuttlingen. Nach einem gemeinsamen Flug in den Sonnenaufgang \u00fcber der schw\u00e4bischen Alb konkurrierten 15 Piloten um die beste Platzierung beim traditionellen Ziellandewettbewerb. Es ist noch dunkel und Nebelschwaden ziehen \u00fcber die Landebahn, als die Piloten des Aero-Club Klippeneck am fr\u00fchen Morgen ihre Flugzeuge aus den Hallen zum Startplatz ziehen. P\u00fcnktlich zu den ersten Sonnenstrahlen kommt ein leichter Wind auf, der den Nebel vom Fluggel\u00e4nde Klippeneck vertreibt und somit den Weg freimacht f\u00fcr die ersten Starts am fr\u00fchen Morgen. Die Segelflieger lassen ihre Doppelsitzer im Flugzeugschlepp an motorisierten Propellermaschinen auf \u00fcber 1000 Meter H\u00f6he ziehen und genie\u00dfen einen wundersch\u00f6nen Blick auf das Alpenpanorama, das sich ihnen \u00fcber einem Wolkenmeer \u00fcber der Baar und dem Bodensee bietet. Nach einer dreiviertel Stunde sind alle Flieger wieder sicher gelandet und die Piloten st\u00e4rken sich bei einem Fr\u00fchst\u00fcck. Um zehn Uhr hat der Wind die [&#8230;]<\/p>\n","protected":false},"author":4,"featured_media":0,"parent":25,"menu_order":5,"comment_status":"closed","ping_status":"closed","template":"","meta":{"footnotes":""},"class_list":["post-418","page","type-page","status-publish","hentry"],"_links":{"self":[{"href":"http:\/\/aeroclub-klippeneck.de\/wp\/index.php?rest_route=\/wp\/v2\/pages\/418","targetHints":{"allow":["GET"]}}],"collection":[{"href":"http:\/\/aeroclub-klippeneck.de\/wp\/index.php?rest_route=\/wp\/v2\/pages"}],"about":[{"href":"http:\/\/aeroclub-klippeneck.de\/wp\/index.php?rest_route=\/wp\/v2\/types\/page"}],"author":[{"embeddable":true,"href":"http:\/\/aeroclub-klippeneck.de\/wp\/index.php?rest_route=\/wp\/v2\/users\/4"}],"replies":[{"embeddable":true,"href":"http:\/\/aeroclub-klippeneck.de\/wp\/index.php?rest_route=%2Fwp%2Fv2%2Fcomments&post=418"}],"version-history":[{"count":7,"href":"http:\/\/aeroclub-klippeneck.de\/wp\/index.php?rest_route=\/wp\/v2\/pages\/418\/revisions"}],"predecessor-version":[{"id":428,"href":"http:\/\/aeroclub-klippeneck.de\/wp\/index.php?rest_route=\/wp\/v2\/pages\/418\/revisions\/428"}],"up":[{"embeddable":true,"href":"http:\/\/aeroclub-klippeneck.de\/wp\/index.php?rest_route=\/wp\/v2\/pages\/25"}],"wp:attachment":[{"href":"http:\/\/aeroclub-klippeneck.de\/wp\/index.php?rest_route=%2Fwp%2Fv2%2Fmedia&parent=418"}],"curies":[{"name":"wp","href":"https:\/\/api.w.org\/{rel}","templated":true}]}}

Flieger genießen den Sonnenaufgang

<h1><a href="http://aeroclub-klippeneck.de/wp/wp-content/uploads/2015/11/Bild-2.jpg"><img loading="lazy" decoding="async" class="alignnone size-medium wp-image-419" src="http://aeroclub-klippeneck.de/wp/wp-content/uploads/2015/11/Bild-2-300x207.jpg" alt="Bild 2" width="300" height="207" srcset="http://aeroclub-klippeneck.de/wp/wp-content/uploads/2015/11/Bild-2-300x207.jpg 300w, http://aeroclub-klippeneck.de/wp/wp-content/uploads/2015/11/Bild-2-1024x706.jpg 1024w" sizes="auto, (max-width: 300px) 100vw, 300px" /></a></h1>
<p class="article_detail_teaser">Pilot Christof Sutor und ein Passagier fliegen im Motorsegler RF5 der aufgehenden Sonne entgegen.<br />
Vom Klippeneck aus war eine Fernsicht bis zu den Alpen geboten.</p>
<p class="article_detail_teaser"><strong>Aero-Club Klippeneck veranstaltet Saisonabschluss mit &#8222;Sunrise-Fliegen&#8220; und Ziellandewettbewerb</strong></p>
<p>Denkingen pm/sz Der Aero-Club Klippeneck hat die Thermik-Saison mit einem „Sunrise-Fliegen“ und einem Ziellandewettbewerb abgeschlossen. Der Club ist ein Zusammenschluss der Segelflugvereine aus Rottweil, Oberndorf, Balingen und Tuttlingen. Nach einem gemeinsamen Flug in den Sonnenaufgang über der schwäbischen Alb konkurrierten 15 Piloten um die beste Platzierung beim traditionellen Ziellandewettbewerb.</p>
<p>Es ist noch dunkel und Nebelschwaden ziehen über die Landebahn, als die Piloten des Aero-Club Klippeneck am frühen Morgen ihre Flugzeuge aus den Hallen zum Startplatz ziehen. Pünktlich zu den ersten Sonnenstrahlen kommt ein leichter Wind auf, der den Nebel vom Fluggelände Klippeneck vertreibt und somit den Weg freimacht für die ersten Starts am frühen Morgen.</p>
<p>Die Segelflieger lassen ihre Doppelsitzer im Flugzeugschlepp an motorisierten Propellermaschinen auf über 1000 Meter Höhe ziehen und genießen einen wunderschönen Blick auf das Alpenpanorama, das sich ihnen über einem Wolkenmeer über der Baar und dem Bodensee bietet. Nach einer dreiviertel Stunde sind alle Flieger wieder sicher gelandet und die Piloten stärken sich bei einem Frühstück.</p>
<p>Um zehn Uhr hat der Wind die letzten Nebelschwaden vertrieben, die Sonne scheint von einem blauen Himmel und dem Ziellandewettbewerb steht nichts mehr im Weg. Bei diesem geht es für die Teilnehmer darum, in einer vorgegebenen Zeit den Flugplatz zu umrunden und in einem von fünf festgelegten Landefeldern in der Mitte der Landebahn aufzusetzen. Jede zeitliche und räumliche Abweichung wird mit Strafpunkten geahndet und nach drei Durchgängen werden alle Punkte zusammengezählt. Am Abend haben alle Piloten ihre drei Durchgänge absolviert und die Platzierungen stehen fest.</p>
<p class="endnote">Die Siegerehrung findet statt im Rahmen eines Stammtischs des Aero-Club Klippeneck am Freitag, 20. November, ab 20 Uhr im Gasthaus Hotel Thum in Balingen. Interessierte und Freunde sind willkommen.</p>

<p>Pilot Christof Sutor und ein Passagier fliegen im Motorsegler RF5 der aufgehenden Sonne entgegen. Vom Klippeneck aus war eine Fernsicht bis zu den Alpen geboten. Aero-Club Klippeneck veranstaltet Saisonabschluss mit &#8222;Sunrise-Fliegen&#8220; und Ziellandewettbewerb Denkingen pm/sz Der Aero-Club Klippeneck hat die Thermik-Saison mit einem „Sunrise-Fliegen“ und einem Ziellandewettbewerb abgeschlossen. Der Club ist ein Zusammenschluss der Segelflugvereine aus Rottweil, Oberndorf, Balingen und Tuttlingen. Nach einem gemeinsamen Flug in den Sonnenaufgang über der schwäbischen Alb konkurrierten 15 Piloten um die beste Platzierung beim traditionellen Ziellandewettbewerb. Es ist noch dunkel und Nebelschwaden ziehen über die Landebahn, als die Piloten des Aero-Club Klippeneck am frühen Morgen ihre Flugzeuge aus den Hallen zum Startplatz ziehen. Pünktlich zu den ersten Sonnenstrahlen kommt ein leichter Wind auf, der den Nebel vom Fluggelände Klippeneck vertreibt und somit den Weg freimacht für die ersten Starts am frühen Morgen. Die Segelflieger lassen ihre Doppelsitzer im Flugzeugschlepp an motorisierten Propellermaschinen auf über 1000 Meter Höhe ziehen und genießen einen wunderschönen Blick auf das Alpenpanorama, das sich ihnen über einem Wolkenmeer über der Baar und dem Bodensee bietet. Nach einer dreiviertel Stunde sind alle Flieger wieder sicher gelandet und die Piloten stärken sich bei einem Frühstück. Um zehn Uhr hat der Wind die [&#8230;]</p>
